/(-212)) + (2 - -1)?
5, 43
Let c = 1088 - 472. List the prime factors of c.
2, 7, 11
Let k(w) = -53*w - 2. Let j be k(-3). Let x = j - 60. What are the prime factors of x?
97
Suppose -h = -2*h - 10. Let w be ((-16)/(-20))/((-1)/h). What are the prime factors of (w/(-10))/(4/(-80))?
2
Suppose -p = 3*x + 23 - 106, 2*p = 4*x - 114. Suppose 5*j + 2*j - x = 0. What are the prime factors of j?
2
Let k(l) = l. Let i be k(0). Suppose 0 = 4*x + 4*z - i + 32, x = -4*z - 20. List the prime factors of 4/4*(-24)/x.
2, 3
Let f be -3*(-3 - (-20)/6). Let p be (0 + -2 - f)*38. Let z = -14 - p. List the prime factors of z.
2, 3
Let m(v) = 56*v**3 + 6*v**2 - 5*v - 3. List the prime factors of m(2).
3, 17
Suppose -7*c = -4001 + 4. List the prime factors of c.
571
Let d be 1/(-2) + 561/6. Let x = 138 - d. List the prime factors of x.
3, 5
Let q = 551 + -143. What are the prime factors of q?
2, 3, 17
Suppose -365 = -7*z + 244. Let m = z + -41. List the prime factors of m.
2, 23
Suppose -17 - 3 = r + 5*t, 2*r - 5*t - 20 = 0. Suppose -5*l + r*l = -635. List the prime factors of l.
127
Let q = 32 - 20. Let m be (7 + -5)/((-1)/q). List the prime factors of m*((-27)/6 + 4).
2, 3
Let c(k) = 2*k + 2*k - 2 - k + 0. Let n be c(2). Suppose 5*o + 2*r = -0*r + 249, n*o + 3*r - 195 = 0. What are the prime factors of o?
3, 17
Let t = -15 - -16. Let n = 0 - t. List the prime factors of n*1 - (-11 + -12).
2, 11
Let l be -4*6/(-108) - (-101)/(-9). Suppose 3*b - 4*t - 70 = 0, 0 = 3*b + 2*b + 4*t - 170. Let p = b + l. What are the prime factors of p?
19
Let s be (-6)/(-4) + 20/8. Let o(a) = a**2 - 2 + s + 2 - a**3 + a + 7. What are the prime factors of o(0)?
11
Suppose l + 2*l + 222 = 0. What are the prime factors of 10/(-25) + l/(-10)?
7
Suppose y + 0 + 4 = 0. Let k be y/(-12) + (-16)/(-6). What are the prime factors of 18/(-6)*(-13)/k?
13
Let u(h) = h**2 - 43*h - 42. What are the prime factors of u(-23)?
2, 3, 41
Let n(q) = q**3 + 11*q**2 - 3*q - 26. Suppose -9*z = -16*z - 56. What are the prime factors of n(z)?
2, 5, 19
Let g be 5 - 2 - (3 + 7). List the prime factors of (-14)/2*(g - 4).
7, 11
Suppose -622 = -2*k + 4*x, k - 204 - 113 = 4*x. List the prime factors of k.
5, 61
Let k(c) = 3*c - 3. Let t be k(4). Let d = -253 - -250. What are the prime factors of d/2*(-132)/t?
2, 11
Suppose 3*x - 284 = -767. Let w = -69 - x. List the prime factors of w.
2, 23
Suppose 37*a - 6993 = 4810. List the prime factors of a.
11, 29
Suppose -5*h = 12 - 2. Let j(z) = 53*z - 57*z - 5 + 11. What are the prime factors of j(h)?
2, 7
Let w(k) = k**2 - 15*k + 13. Let s be w(13). Let h = s + 25. List the prime factors of 212/(-6)*h/(-8).
53
Let o be -1 + (-15)/(-1 + 4). Let r(t) = -t**3 - 3*t**2 + 6*t + 4. List the prime factors of r(o).
2, 19
Let a be 0/(3/(4 + -1)). Suppose -n + 25 - 10 = a. List the prime factors of n.
3, 5
Let z(s) = -1794*s + 34. What are the prime factors of z(-1)?
2, 457
Let u(v) = -v**3 + 5*v**2 - 5*v + 10. Suppose 4*x = 3*x + 4. Let l be u(x). What are the prime factors of 1*(0 + 1)*l?
2, 3
Suppose 2132 = 71*z - 2270. What are the prime factors of z?
2, 31
Let v(p) = p**2 + 5*p + 10. Let d(n) = -n**2 - 4*n - 9. Let z(t) = -4*d(t) - 3*v(t). Let h be z(12). Suppose 3*l = l + h. What are the prime factors of l?
3
Suppose 2*n = -4*h + 5252, h - 10478 = -4*n + 6*h. List the prime factors of n.
2, 3, 19, 23
What are the prime factors of 1 + -13*(2 + -19 - -5)?
157
Let s(c) = -c**2 - 8*c - 11. Let l be s(-5). Suppose -u - l*u = 30. What are the prime factors of (-4)/u - (-426)/9?
2, 3
Suppose 6564 = 6*j - 2226. List the prime factors of j.
5, 293
Let f = 426 - 191. Suppose 0 = 8*h - 7*h - m - 234, h - f = 2*m. List the prime factors of h.
233
Suppose 4*z + 23394 = -3*w, -z + 17546 = -4*z - 2*w. List the prime factors of ((-4)/(-6))/(23388/z + 4).
5, 13
Suppose -12*u + 6002 + 3046 = 0. List the prime factors of u.
2, 13, 29
Suppose 0 = -2*n + c - 539, 2*n - 3*c + 499 + 46 = 0. Let i be (5/(10/n))/(-2). Suppose 0*s - 2*s = 5*r - 20, 5*s - i = -4*r. What are the prime factors of s?
3, 5
Let b(l) = -l**2 - l - 1. Suppose -2*r = -0 + 2. Let u(q) = -5*q**2 - 21*q + 4. Let c(m) = r*u(m) + 6*b(m). What are the prime factors of c(12)?
2, 13
Suppose 3*j + 12*l - 4271 = 14*l, -3*j - l + 4268 = 0. List the prime factors of j.
1423
Let v(t) = -t**2 + t + 45. Let u(w) = -w**3 + w**2 + 2. Let k be u(0). Suppose 0 = 2*j + f, j + k*f = -3*f. What are the prime factors of v(j)?
3, 5
Let x = 199 - -14. Let f = -24 + x. What are the prime factors of f?
3, 7
Let q = 32 - -60. Suppose q = w - 1. List the prime factors of w.
3, 31
Suppose 5*p - o = 4756, 65*o - 61*o - 16 = 0. List the prime factors of p.
2, 7, 17
Let q = 64 - 198. Let c = q + 211. What are the prime factors of c?
7, 11
Suppose -15*u + 29*u = 48090. What are the prime factors of u?
3, 5, 229
Let s(m) be the second derivative of -m**4/12 + m**3/2 + 5*m**2/2 - m. Let c be s(3). Suppose c - 11 = -g. What are the prime factors of g?
2, 3
Suppose 0 = -5*p + 1445 + 1600. What are the prime factors of p?
3, 7, 29
List the prime factors of (-9 + 3)*(-966)/9.
2, 7, 23
Let b be 12/8*1/(3/220). Suppose 918 - b = 4*y. List the prime factors of y.
2, 101
Let t(q) = q**2 + 3*q - 2. Let y be t(1). Suppose -y*i = -0*i. Suppose i*w - 203 = -7*w. List the prime factors of w.
29
List the prime factors of (-560)/(-15)*(-60)/(-14).
2, 5
Let c(h) = -h**2 - 17*h + 22. Let b be c(-18). Let q(x) = 39*x + 9. List the prime factors of q(b).
3, 5, 11
Let p(s) = 101*s + 198. What are the prime factors of p(13)?
1511
Let t = -4 - -3. Let c be 3 - (-2 + 0 - t). Suppose -19 = -c*o + 21. List the prime factors of o.
2, 5
Let i = -22 - -24. Suppose 10 - 4 = -i*p. What are the prime factors of (-124)/p + (-10)/30?
41
Suppose 0 = -l - 3*v + 303, 0 = -2*l + 5*v - 0*v + 595. Suppose 96 = -4*s + l. List the prime factors of s.
3, 17
Suppose 3*v + d - 9 = 0, -4*v = -v - 4*d + 6. Suppose -5*b = v*r + 180, 4*b + 108 = b + r. Let a = 53 + b. What are the prime factors of a?
17
Let d(r) = -7*r**2 - 4*r + 11. Let z be d(-5). List the prime factors of (z - 6)*(-2)/5.
2, 3, 5
Let v be (-1 - -19)*(-2)/(-4). Suppose -32 = 7*f - v*f. List the prime factors of f.
2
Let q(t) = -t - 9. Let m be q(-11). Let j(l) = -77*l - 2 - 4 + 4*l**m + 88*l. What are the prime factors of j(-5)?
3, 13
Suppose -19*o + 2526 = -3896. What are the prime factors of o?
2, 13
Suppose 0 = -0*n - 4*n - x + 1693, 3*x = -9. List the prime factors of n.
2, 53
Suppose -2*l + 6*l = 0. Suppose l = -4*n + 72 + 28. List the prime factors of n.
5
Suppose -5*q = -243 - 57. Suppose -3*v - 2*x - 36 = -v, -5*v = -5*x + q. List the prime factors of ((-9)/v)/1*5.
3
What are the prime factors of (-8)/3*(-21087)/22?
2, 3, 71
Let z = 144 + -141. Suppose 0 = 3*i + 2*u - 713, z*u = -2*i + 7*i - 1163. List the prime factors of i.
5, 47
Let x(o) be the first derivative of o**4/4 - 5*o**3/3 + o**2 - 3*o - 54. Suppose -3*c = -4*s - 11, 4*c - 17 = -5*s + 8. List the prime factors of x(c).
7
Let x(t) = -5*t**3 + 3*t**2 + t + 3. Let i be x(-3). Let w = i + -60. What are the prime factors of w?
2, 3, 17
Suppose 2*y - 533 = 4*d - 27, 0 = -4*y - 5*d + 1025. What are the prime factors of y?
3, 5, 17
Suppose -8*b + 2*b + 132 = 0. List the prime factors of b.
2, 11
Suppose -n + 4*j + 209 + 2203 = 0, -2*n = 2*j - 4814. What are the prime factors of n?
2, 7, 43
Suppose 5*g + 2*y = 1907, 3*y - 146 - 238 = -g. What are the prime factors of g?
3, 127
Let j be 80/(-3 + 7)*-8. Let y = j - -231. What are the prime factors of y?
71
Let b = -3 - -11. Let q be (-24)/(-9) + b/(-12). Let t(l) = 15*l + 3. What are the prime factors of t(q)?
3, 11
Suppose -2*m + 1683 = m - 4*y, 0 = -4*m - y + 2263. Suppose -5*x + 130 + m = 0. What are the prime factors of x?
139
Suppose 0*k + 1564 = 4*c + 3*k, 3*k + 12 = 0. List the prime factors of c.
2, 197
Let k(v) be the second derivative of 0 + 1/4*v**5 - v - 1/6*v**3 + 0*v**2 - 1/12*v**4. List the prime factors of k(2).
2, 17
Let z be -8*(-7)/(14/8). Suppose 0 = -5*w + w + z. Suppose -w*i + 169 + 23 = 0. List the prime factors of i.
2, 3
Suppose 4*k = 4*f + 6992, -4*f - 819 = -k + 920. List the prime factors of k.
17, 103
Suppose 5*t + 11 - 31 = 0. Suppose -j = 5*k - 718, -2*k = -7*k + t*j + 728. List the prime factors o